e
Let a = -2201 + 4932. Is a composite?
False
Suppose 0 = 119*y - 82*y - 28897. Is y composite?
True
Let i(o) = 11*o - 7. Let y(v) = -v**2 - 6*v + 4. Let u be y(-6). Is i(u) a prime number?
True
Suppose -p - 5 + 14 = 0. Suppose 1637 = 5*a - 2*t, p*t - 4*t + 309 = a. Is a composite?
True
Suppose 27863 = 3*f + 8*f. Is f composite?
True
Suppose 2*j - 36 = 14. Suppose 5*a = j, -4*t + t = 2*a - 1303. Is t composite?
False
Is (-6)/18 - (-25670)/15 a prime number?
False
Suppose 20607 = 14*l - 103811. Is l a prime number?
True
Let n(p) be the first derivative of p**3/3 + 8*p**2 + 4*p - 5. Let j be n(-16). Suppose -2*u = -j*u - 8, 4*m + u = 36. Is m a composite number?
True
Let h = 10 + -8. Let g be 1/(h - (-3)/(-2)). Suppose 5*v - g*w + 166 = 463, 0 = -2*w - 2. Is v composite?
False
Let f(b) = 279*b + 9. Let m be f(-5). Let z = -845 - m. Is z a composite number?
False
Suppose 0 = -6*n + 3*n. Let d(y) = 17 + 47 - y + 4 + 17. Is d(n) composite?
True
Suppose -1 = r - m - 4, -11 = -r + 5*m. Let t(n) = -n**3 - n**2 + 2*n. Let s be t(-3). Is (-6)/s*(r + -135) prime?
True
Suppose 0*x - 3*r = -5*x + 41, 2*x - 3*r = 11. Let s(n) = -31 + 10 + 16*n + x. Is s(10) composite?
False
Let i = -20 - -414. Suppose -3*h - 2*s + 1247 = 0, -h - 6*s + i = -s. Is h a composite number?
False
Let v(f) be the third derivative of 3*f**6/40 + f**5/60 - f**3/6 - 6*f**2. Let q(o) be the first derivative of v(o). Is q(3) a composite number?
True
Let l = -476 - -1537. Is l composite?
False
Let h = 14520 + -9951. Is h composite?
True
Let u(j) = 2*j - 1. Let y be u(10). Suppose 5*s - 3*k = 19, -5*s - 2*k + y = -2*s. Let z(x) = 3*x**2 - 3*x + 5. Is z(s) a prime number?
False
Let f be 13 + 1/1 + -2. Let y be (-2)/((-32)/f)*444. Let l = -38 + y. Is l a composite number?
True
Suppose 0 = 31*k + 40 - 195. Let u(s) = -s**3 - 6*s**2 - 2*s + 7. Let d be u(-6). Suppose k*r - d - 56 = 0. Is r a prime number?
False
Let h = -313 + 462. Is h prime?
True
Let z = -32 + 32. Let v = 540 + 342. Suppose 4*p = 3*k - k + v, z = 5*k - 5. Is p a composite number?
True
Is (5107 + -8)*6/(5 - -1) a prime number?
True
Is (-111)/(-5)*(-16225)/(-165) prime?
False
Is (-61616 + 1)/((-69)/69) prime?
False
Let q(y) = -1123*y - 92. Is q(-7) a composite number?
True
Let b = 561 + 139. Suppose 5*w = w + 4, -4*v - 4*w = -b. Is (v + -8)*(-2)/(-4) a prime number?
True
Suppose -2*j - 3*w = -5*w, -2*j = 4*w - 24. Suppose h + 1161 = j*z - z, 4*z - h - 1549 = 0. Let q = z + -247. Is q composite?
True
Let o(z) = 6*z**2 + 2*z + 1. Let k(m) = m**2 + 9*m + 9. Let x be k(-7). Let i(c) = 7*c**2 + 2*c + 1. Let t(g) = x*i(g) + 6*o(g). Is t(-6) composite?
True
Let d(r) = 25*r**3 + r**2 + 2*r + 1. Let b be 2*(-5)/15*-9. Let p be 2/((20/b)/5). Is d(p) composite?
False
Let c(w) = -28*w - 7. Let g(f) be the third derivative of f**4/24 - 13*f**3/3 - f**2. Let j be g(11). Is c(j) a prime number?
False
Let c = 5272 - 2859. Is c a prime number?
False
Let z(k) = 2*k**2 - 5*k - 4. Let c be z(4). Suppose -c = 2*x - 14. Suppose -4*n + x*o + 630 + 202 = 0, 5*n = -o + 1059. Is n a composite number?
False
Let c(q) = 30*q**2 - 3*q + 2. Let o be c(1). Let h = 516 - o. Is h prime?
True
Is (9/198*11)/(3/727602) prime?
True
Let q(j) = -j**2 + 7*j - 14. Let b = 3 - -3. Let u be q(b). Is ((-268)/(-6))/(u/(-60)) composite?
True
Suppose 0 = -0*c - c + 1, -3*c + 1 = -2*d. Let a(x) = 599*x + 3. Let q be a(d). Is q/2 - (8 + -6) composite?
True
Suppose 5*w - 274 - 2226 = q, -5*q + 1971 = 4*w. Is w prime?
True
Is (-10)/(-35) - 201/21*-101 composite?
False
Let h(m) = -62*m - 17. Let v(o) = -62*o - 17. Let t(g) = 3*h(g) - 2*v(g). Let b be 12/(2/(-1)) + 44/44. Is t(b) composite?
False
Suppose 4*g + 5124 = 4*f, 0*g - 3835 = -3*f + 5*g. Suppose -4*q = 465 - f. Is q prime?
False
Let v(o) = -2*o - 17. Suppose 0*j - j = -r + 2, j = -5*r - 32. Let l be v(j). Is l*6/9 - -105 a composite number?
False
Let w(t) = -3*t**3 + 12*t**2 + 9*t - 1. Is w(-10) composite?
True
Let i(d) = 4*d**3 - 5*d**2 + 66*d + 7. Is i(8) prime?
False
Let x be -3*(2 - (-6)/(-2)). Suppose -2*j + 6*j + 5*d = -1435, 717 = -2*j - x*d. Let a = j - -509. Is a a prime number?
True
Suppose -3*n + 2 = 200. Let i be (n/(-12))/(1/48). Let o = 521 - i. Is o a composite number?
False
Let s = 4134 + -2946. Is (-2)/(-4) + s/8 a composite number?
False
Let x(y) = 2*y**2 + 31*y + 242. Is x(-41) prime?
True
Suppose -5*q - 20 = 0, q + 14 + 20 = 5*c. Is (1958/(-1))/(-4 + c/3) a prime number?
False
Let d be 7/(7/2) - -4. Let l = d + -6. Is (-1 + l)/((-2)/314) prime?
True
Suppose 3*w = 7 + 383. Let i be (1036/(-35))/((-4)/w). Suppose -i - 93 = -5*f. Is f a composite number?
False
Suppose 24 = 3*r - 0. Suppose r*d - 2*g + 64 = 3*d, 0 = -5*d + 3*g - 66. Is (-2)/d - (-725)/6 prime?
False
Let i(d) = d**2 + 4*d - 1. Let m be i(-5). Suppose 4*t + s - 12 = m*s, 0 = 2*t + 2*s - 6. Suppose 23 + t = 2*v. Is v a composite number?
False
Let p = 24 + -15. Suppose -169 = -w - 5*u, -4*w - 914 = -p*w - 2*u. Let l = w + -105. Is l prime?
True
Suppose 565 = -5*p + 595. Let o(h) = 7 + 36*h - 5*h + 17*h. Is o(p) prime?
False
Let i be (4/(-3))/(-2) - (-200)/60. Suppose 2*b = -i*q + b + 654, 3*q - 2*b = 485. Is q prime?
True
Let g = -176 + 853. Is g composite?
False
Let z(g) = g**3 + 8*g**2 - 8*g + 12. Suppose -2*k = -5*j - 35, 0 = 5*j - 3*k - 2*k + 20. Let b be z(j). Suppose 2*p - 2225 = -b*p. Is p a composite number?
True
Suppose d - 3*p + 16 - 2 = 0, 5*d = p. Let s(t) = 112*t**2 + 2*t - 1. Is s(d) prime?
True
Let m(x) = -x**3 - 13*x**2 + 15*x + 13. Let o be m(-14). Is (4/(4/(-149)))/o composite?
False
Let i = -23926 + 122177. Is i prime?
True
Suppose i - 20212 = -3*r, -3*r - 2*i = -0*i - 20213. Is r composite?
False
Let r(y) = 77*y + 18. Suppose -2*x - 5*s = -37, 0*x - 52 = -5*x + s. Is r(x) prime?
False
Suppose -2*r + 242 = o - 1777, 3*r = 0. Is o a prime number?
False
Let c = 4429 - -4362. Is c a composite number?
True
Let g(m) = -m**3 - 15*m**2 + 4*m - 30. Let u be g(-16). Let l = u + 129. Is l a composite number?
True
Suppose -98*b = -99*b + 33137. Is b prime?
False
Is (766170/(-360))/(1 + 10/(-8)) composite?
False
Let a(n) = -n**3 + 52*n**2 + 16*n + 100. Is a(39) a prime number?
False
Suppose -33 = 6*r - 27. Is r/(2/1478)*(-1 - 0) prime?
True
Suppose -29*z = -33*z. Suppose -m + 26 = -3*x, x + 1 = -z*x. Is m a prime number?
True
Let o(t) = -t**3 - 10*t**2 - 12*t - 13. Let f be o(-9). Suppose 0 = -4*d + f*d - 190. Is d a composite number?
False
Suppose 3448 = 2*g - u, -22*g + 23*g - 3*u - 1729 = 0. Is g prime?
True
Let i = 7583 - 5050. Is i a composite number?
True
Suppose -5*a + 250175 = 5*w, -4*a - 50035 = -5*a - 4*w. Is a a prime number?
False
Suppose -6*p + 1166 = -1144. Suppose -p = 2*f - 1483. Let r = f + 356. Is r composite?
True
Suppose 0 = 18*s - 19*s + 3. Suppose 7700 = 5*m + 3*d, 0 = -m - 2*d - s*d + 1518. Is m prime?
True
Let o = 40 + -41. Is (6 - 9) + (-3)/o + 59 prime?
True
Suppose 0 = 2*k + 5*r + 16, k - 3*r - 13 = 1. Let b be (k/(-6))/(2/(-12)). Let t = 51 + b. Is t composite?
False
Let l(h) be the first derivative of 13*h**4/2 - 9*h**2/2 - 2*h + 25. Is l(5) prime?
True
Let h = -16629 + 28630. Is h a composite number?
True
Let m(o) = -324*o - 8. Let g be m(-16). Suppose 5*c = g + 8029. Is c a prime number?
False
Let c = -35 + 42. Is 82 + c + 2 + -5 composite?
True
Let o(z) be the first derivative of -17*z**2 + 5*z - 1. Let s be 184/(-48) - 2/12. Is o(s) prime?
False
Suppose 12 = b + b. Let n(d) = 6*d**3 + 3*d**2 + d - 11. Is n(b) prime?
True
Let z(o) = 14*o - 15. Let w = 49 - 43. Is z(w) prime?
False
Let d(s) = -s**3 - 2*s**2 - 10*s + 12. Suppose h - w = 1 - 5, -2*h - 3*w - 33 = 0. Is d(h) a prime number?
False
Suppose -5*t - o = -26, 3*t + o - 14 = 2*o. Suppose t*v + 3470 = 5*h, 2*v - 709 = -h - 2*v. Is h a prime number?
False
Let t = 1798 - 1004. Is t a composite number?
True
Let q = 101 + -99. Let x(a) = 22*a - 2 + 1 + 17*a. Is x(q) a composite number?
True
Let m(r) = r**2 - 55*r + 89 + 118*r - 61*r. Is m(0) a composite number?
False
Is 161371/49 - (-12)/294*-7 composite?
True
Let p be 204/33 + 4/(-22). Suppose 7 = p*h - 23. Is (34/h)/(5/25) prime?
False
Let y be 0 + (24/4 - -2). Let r = 43 - y. Is r prime?
False
Suppose -2*y + 56 = -256. Suppose 0 = 3*a - 225 - y. Is a composite?
False
Let a be (2 + -4)*(-1 + (-3)/